9 = 3*z + 5*t - 47, -2*t = 5*z - n. Let o = z - 7. Let h(x) = -6*x. Give h(o).
6
Let k = -392 - -386. Let n(s) = -s**2 - 4*s - 7. What is n(k)?
-19
Let l = -3 + 11. Let q(n) = n - 5. Let w be q(l). Let i(z) = -2*z**2 + 2*z**3 + w*z**2 + 2 - z - 3*z**2 - z**3. Give i(3).
8
Let l(t) be the second derivative of -t**4/12 + 2*t**2 - 6*t. Let q be l(3). Let x(a) = 2*a + 15. Let o(p) = -p - 8. Let v(s) = -7*o(s) - 4*x(s). Give v(q).
1
Let a(m) = -32*m + 33*m + 10*m**2 - 11*m**2 - 2 - m**3. Determine a(0).
-2
Suppose 2*j - 4 = -m + 3, -j = -4*m + 10. Let z(x) = 7*x. Calculate z(m).
21
Suppose -5*u - c + 11 = 0, -3*u + c = 5*c - 10. Let b be ((-3)/(-5))/(u/10). Let w(j) = -5*j + 3*j**3 + 7*j**2 + 2*j**b - 5 - 6*j**3. Determine w(6).
1
Let l(n) be the first derivative of n**2 + 32*n + 239. Determine l(-20).
-8
Let w(r) = -r**3 - 9*r**2 + 10*r - 8. Let p be (52/(-4) - -3)/1. Give w(p).
-8
Let c(w) be the first derivative of -2*w**2 + 4*w - 1 + 1/3*w**3. Suppose -y + 1 + 2 = 0. Give c(y).
1
Let m(r) be the second derivative of -r**5/20 + r**4/3 + r**3/3 + 3*r**2/2 + 47*r + 2. Calculate m(5).
-12
Let q(k) be the second derivative of 5*k**4/12 + k**3/6 + k**2 - k + 25. Give q(-1).
6
Let w(m) = -m**2 - 10*m + 5. Suppose 402 = -35*j + 52. Determine w(j).
5
Let h(r) be the second derivative of -r**4/12 - r**3/3 + 6*r**2 + 49*r. What is h(-5)?
-3
Suppose -36*n + 180 = -48*n. Let r(f) = -f - 20. What is r(n)?
-5
Let z(r) = -2*r**3 + 2 + 3*r**3 - r**2 - 2 - 2 - 351*r + 352*r. Calculate z(0).
-2
Let a(p) = 8*p - 12. Let g(t) = -4*t + 7. Let m(o) = 3*a(o) + 5*g(o). What is m(-2)?
-9
Let p(s) = -12*s**2 + 25*s + 2. Let n be p(2). Let x(a) be the second derivative of -a**3/6 + a**2/2 - 2*a. Determine x(n).
-3
Let n be ((-8)/12 - 0)*(4 + -1). Let a(p) = 3*p - 2. Let m(s) = -13*s + 7. Let t(j) = n*m(j) - 9*a(j). Determine t(-6).
10
Let y(j) = -3*j**2 + 2*j - 2. Let l(o) = 10*o**2 - 6*o + 5. Suppose -8*u + 3*u = 130. Let n = u - -28. Let a(i) = n*l(i) + 7*y(i). Give a(3).
-7
Let r(u) = -u**3 + 6*u**2 - 5*u + 7. Let x(h) = -h**2 + 8*h - 5. Let z be x(6). Let w = 10 - z. Suppose -w*a + 10 = -a. What is r(a)?
7
Suppose 18*w - 17*w = 13. Let g(i) = -i + 20. Give g(w).
7
Let v(k) = 11*k**2 - 6*k - 12*k**2 + 38 + k - 36. What is v(-6)?
-4
Let o(n) = 5*n - 2. Let g(z) be the third derivative of 5*z**4/24 - z**3/3 - 4*z**2. Let p(q) = -6*g(q) + 7*o(q). What is p(2)?
8
Suppose 0 = t - 5*t + 16. Let c = 4 - t. Suppose 3 + 6 = -q + j, -3*j + 12 = c. Let a(d) = -d**2 - 4*d + 1. Calculate a(q).
-4
Let f(k) = -4 + 0*k**3 - 5*k**2 - k - 5 + k**3 + 10. Give f(5).
-4
Let x(l) = -l**2 + 3*l + 2. Let o(h) = -2*h**2 + 3*h + 4. Let y(s) = -3*o(s) + 4*x(s). Calculate y(-4).
16
Let d(v) be the second derivative of -v**5/20 - 7*v**4/12 - 7*v**3/6 + v**2 + 162*v - 2. Determine d(-7).
51
Let x(q) be the second derivative of q**4/6 - 2*q**3 + 67*q + 3. Give x(7).
14
Suppose -24 + 6 = -9*v. Let n(h) = 12*h - 3. Calculate n(v).
21
Let o(x) be the third derivative of x**7/5040 + x**6/720 + x**5/10 - 13*x**2. Let f(l) be the third derivative of o(l). What is f(0)?
1
Let w(a) = 2*a**2 - 15*a + 7. Let j = -1367 + 1374. Determine w(j).
0
Suppose -3*v = 5*i + 56 - 11, -8 = -2*i + 4*v. Let a(f) = -f - 15. Give a(i).
-9
Suppose -2*v + 2*f = 0, 0 = 2*v + f + 4 - 7. Let j(l) = 21*l**2 - l + 1. Give j(v).
21
Let r(y) = 3*y**2 + 0*y**2 + 0*y**2 + 2 + 4*y - 3*y. Let j(z) = -z**2 + 1. Let p(a) = 2*j(a) + r(a). Give p(3).
16
Let d(q) be the third derivative of 0 + 0*q - 1/60*q**5 + 1/8*q**4 + 2/3*q**3 + q**2. Calculate d(3).
4
Let p(g) = -37*g**2 + 6*g - 23. Let l(o) = -13*o**2 + 2*o - 8. Let i(c) = 17*l(c) - 6*p(c). Give i(-3).
17
Let j(q) be the second derivative of 5*q**3/6 + 9*q**2/2 - 6*q - 19. Let g(m) = -m**3 + m**2 - m - 6. Let l be g(0). Determine j(l).
-21
Let x(g) = -1. Let o(r) = -r + 4. Let t(k) = o(k) - 3*x(k). Give t(9).
-2
Let l(f) = 7*f**3 + 2*f**2 + 3*f + 1. Let u be (-129)/(-172)*(-16)/12. Give l(u).
-7
Let f(m) = -m**3 + m**2 + 3*m - 4. Suppose 0 = 113*c - 116*c + 5*r - 19, -r = -3*c - 11. Calculate f(c).
23
Let n(y) = -1 + y**3 - 8*y**2 - 13*y + 8 + 3*y + 2 + 1. What is n(9)?
1
Let y(j) = -j**2 + 9*j - 6. Let k(w) = 16*w**2 + 21 - 14 + w**2 + w**3. Let a be k(-17). Determine y(a).
8
Let i(s) = -s**2 - 11*s + 14. Let q be i(-12). Let x(a) = 2 + 6*a + 10 + 8*a**q - 4 - 10*a**2. What is x(6)?
-28
Suppose 6*y = 2*y - 72. Let h = 23 + y. Let c(a) = a**3 - 5*a**2 + 3*a - 1. Give c(h).
14
Let n(g) = -7*g - 2. Let p(z) be the second derivative of 13*z**3/6 + 3*z**2/2 - 13*z. Let l(y) = 5*n(y) + 3*p(y). What is l(1)?
3
Let z(d) = d**2 + d + 9. Suppose -k = -5 + 1. Suppose 2*r - 2 = -3*v + 4*r, -6 = -v - 2*r. Suppose -3*w - k = 4*n, -w = -3*n + n - v. Determine z(w).
9
Let o(z) = 10 + z - 6 - 7. Give o(6).
3
Let k(m) = -6*m + 2*m**3 + 2*m**3 - 7*m**2 + 9 - 4. Let x(h) = 2*h**3 - 3*h**2 - 3*h + 2. Let o(b) = 4*k(b) - 9*x(b). Let a = 19 + -21. Determine o(a).
8
Let r(c) = c - 5. Let l(n) = -4 + n**3 + 3*n + 3*n**2 - 4*n**2 + 0*n**3 + 5*n**2. Let j be l(-3). Calculate r(j).
-9
Let y = 1209 + -1211. Let f = -5 - -9. Let t(w) = w + f*w**2 - w**2 + 3 + w. What is t(y)?
11
Suppose -7*p + 10 = -67. Let w = -11 + p. Suppose 3 = 3*j - w*j. Let f(l) = 8*l - 1. What is f(j)?
7
Let w(p) = -5*p**2 - 1. Let y(a) = -43*a**2 + a - 6. Let i(f) = 6*w(f) - y(f). Suppose -2 = 2*v - 0. Calculate i(v).
14
Let t(n) = -7*n**2 + 139*n + 16. Let w be t(20). Let d(y) = -4*y + y**2 - 2*y**2 + 5 - 1. Give d(w).
4
Let j = 20 + -14. Suppose 0 = -j*n - 187 + 43. Let r = 30 + n. Let b(k) = -k**2 + 7*k - 1. Determine b(r).
5
Let g(x) = 3*x**2 - x - 11. Let a(h) = h**2 + h - 1. Let r(s) = -4*a(s) + g(s). Suppose 7 = 3*n - 5. Let v = n + -9. Give r(v).
-7
Let y(m) be the second derivative of m**3/6 + 2*m**2 - 2*m - 96. Calculate y(-13).
-9
Let m(n) = -n - 26. Suppose -5*u + 2*k = -3*u + 40, 60 = -3*u + 5*k. What is m(u)?
-6
Suppose 50 = 2*f + 3*s, -2*s + s - 34 = -2*f. Let t = 12 - f. Let h(y) = y**3 + 7*y**2 - 3. What is h(t)?
-3
Let b(s) = s**3 - 6*s**2 + 5*s + 6. Let g be 1/(4/((-376)/(-2))). Let p = g + -42. Give b(p).
6
Let g(i) = -i**3 + 6*i**2 + 2*i. Let h = 18 - 36. Let q = h + 20. Let v = 8 - q. What is g(v)?
12
Let d(l) = 2*l + 5*l + 2*l + 3 + 3*l - 9. Give d(3).
30
Let y be (2 - 0 - 1)*2/1. Let q(f) = -10*f**y - 6 + 0*f**2 + 4*f - 3*f + 5*f**2 - f**3. Give q(-5).
-11
Let j(c) = c**3 - 7*c**2 + 5*c + 4. Let u(b) = -1. Let s(w) = -j(w) + 2*u(w). Suppose 2*x + 9 = 3*x - 2*h, -2*h + 16 = 4*x. Give s(x).
19
Let f = 605 - 611. Let m(k) = k**2 + 7*k + 19. Give m(f).
13
Let u(o) = 0*o + 5*o + 9*o**2 - 7*o**2 - 9*o + 1. What is u(4)?
17
Let o(q) = -q - 4. Let z(w) = -2*w - 5. Let k(b) = 4*o(b) - 3*z(b). Calculate k(-4).
-9
Let a(y) = y**3 + 1. Let m(d) = 7*d**3 - 2*d + 9. Let v(u) = 6*a(u) - m(u). What is v(0)?
-3
Let b(p) = -9*p**3 - 7*p**2 - p + 7. Let l(r) = -4*r**3 - 3*r**2 + 3. Let t(x) = 2*b(x) - 5*l(x). Give t(-2).
-9
Let g(c) = c**3 + 23*c**2 - 79*c - 21. Let b be g(-26). Let f(h) = -h**3 + 6*h**2 - h + 4. Calculate f(b).
24
Suppose 0 = 3*n + n + 8. Let y(x) be the second derivative of x**4/12 + x**3/2 + x**2/2 - 5*x. Let h(k) be the first derivative of y(k). What is h(n)?
-1
Let u(c) be the first derivative of -c**4/4 - c**3/3 - c - 70. Calculate u(0).
-1
Let r(u) = 15*u**3 + u**2 + u + 6. Let i(s) = 2*s**3 + 1. Let g(v) = -6*i(v) + r(v). What is g(-2)?
-22
Let o be (-2)/27 + 3 + (-1600)/270. Let t(s) = 2 - 1 - s**2 + s + 1 + 1. Calculate t(o).
-9
Suppose 16*z - 24 = 20*z. Let j(l) be the first derivative of l**3/3 + 5*l**2/2 - 5*l + 2. What is j(z)?
1
Let a be 10 + 1 + (5 - 9). Let b(l) = l**2 - 7*l - 3. Let y be b(a). Let p(n) = -n**3 - 4*n**2 - n + 1. Calculate p(y).
-5
Let a(m) = -6*m**2 + 3*m - 3. Let w(o) = o**2 + 1. Let h(v) = a(v) + 3*w(v). Let t = 40 + -40. Suppose -2*f + 2 = 5*x, 2*x + 2*f + 0*f + 4 = t. What is h(x)?
-6
Let d(k) be the second derivative of -k**5/20 + k**4/3 + 5*k**3/6 - 3*k**2/2 - 3388*k. Let p be 7*(-6)/(-28)*4. Suppose -y - 1 + p = 0. Determine d(y).
-3
Let r(k) be the third derivative of -k**6/120 - k**5/15 + k**4/3 - k**3/3 + 8*k**2 - 13. Give r(-6).
22
Suppose x = -5, -2*g = 2*g - 2*x - 18. Let z(f) = 4*f**g - 26*f**3 - 29*f**3 - 2 + 56*f**3. What is z(-4)?
-2
Suppose 3*m = 5*k - 44, -2*k +